{"id":1987,"date":"2019-02-18T16:06:10","date_gmt":"2019-02-18T13:06:10","guid":{"rendered":"http:\/\/www.kureselhukuk.com\/?page_id=1987"},"modified":"2025-08-05T20:01:06","modified_gmt":"2025-08-05T17:01:06","slug":"avukat-didem-aydin","status":"publish","type":"page","link":"https:\/\/www.kureselhukuk.com\/en\/avukat-didem-aydin\/","title":{"rendered":"Avukat Didem G\u00fcnay Ayd\u0131n"},"content":{"rendered":"<div class=\"uk-margin\">\r\n\t<div class=\"de-row uk-container uk-position-relative\" style=\"z-index: 0 !important;\">\r\n\t\t\t\t\t\t\t\t\t\t<div data-uk-grid=\"\" class=\"uk-grid uk-flex-1 uk-c-position-z-index-0\">\r\n\t\t\t<div class=\"de-column uk-position-relative uk-width-1-4@m\" style=\"z-index: 0 !important;\">\r\n\t<div class=\"uk-flex uk-c-flex-stretch uk-width-1-1\">\r\n\t\t<div class=\"uk-position-relative uk-width-1-1 uk-padding-remove\">\r\n\t\t\t\t\t\t<div ><\/div>\r\n\t\t\t\t\t\t<div class=\"uk-flex-1\">\r\n\t\t\t\t\t\t\t<\/div>\r\n\t\t<\/div>\r\n\t<\/div>\r\n<\/div><div class=\"de-column uk-position-relative uk-width-1-4@m\" style=\"z-index: 0 !important;\">\r\n\t<div class=\"uk-flex uk-c-flex-stretch uk-width-1-1\">\r\n\t\t<div class=\"uk-position-relative uk-width-1-1 uk-padding-remove\">\r\n\t\t\t\t\t\t<div ><\/div>\r\n\t\t\t\t\t\t<div class=\"uk-flex-1\">\r\n\t\t\t\t<div data-dahz-shortcode-key=\"1550491781410-6ac50136-9bc8\" style=\"\" class=\"de-shortcode__wrapper de-shortcode__wrapper--dahz_single_image uk-margin-uk-margin\">\r\n\t<a class=\"de-single-image__wrapper uk-flex uk-flex-center\">\r\n\t<div>\r\n\t\t<img width=\"300\" height=\"300\" src=\"https:\/\/www.kureselhukuk.com\/wp-content\/uploads\/2025\/08\/didem.png\" class=\"attachment-full\" alt=\"\" loading=\"lazy\" srcset=\"https:\/\/www.kureselhukuk.com\/wp-content\/uploads\/2025\/08\/didem.png 300w, https:\/\/www.kureselhukuk.com\/wp-content\/uploads\/2025\/08\/didem-150x150.png 150w, https:\/\/www.kureselhukuk.com\/wp-content\/uploads\/2025\/08\/didem-12x12.png 12w, https:\/\/www.kureselhukuk.com\/wp-content\/uploads\/2025\/08\/didem-100x100.png 100w\" sizes=\"(max-width: 300px) 100vw, 300px\" \/>\t<\/div>\r\n<\/a>\r\n<\/div>\r\n\t\t\t<\/div>\r\n\t\t<\/div>\r\n\t<\/div>\r\n<\/div><div class=\"de-column uk-position-relative uk-width-1-4@m\" style=\"z-index: 0 !important;\">\r\n\t<div class=\"uk-flex uk-c-flex-stretch uk-width-1-1\">\r\n\t\t<div class=\"uk-position-relative uk-width-1-1 uk-padding-remove\">\r\n\t\t\t\t\t\t<div ><\/div>\r\n\t\t\t\t\t\t<div class=\"uk-flex-1\">\r\n\t\t\t\t<div style=\"\" class=\"uk-position-relative uk-margin\">\r\n\t\t\t<div class=\"de-textblock-wrapper\" data-uk-scrollspy=\"cls:uk-animation-slide-left; delay:1000;\">\r\n\t\t<div style=\"text-align: justify;\">\n<p>Didem Ayd\u0131n, 2000 y\u0131l\u0131nda Dokuz Eyl\u00fcl \u00dcniversitesi Hukuk Fak\u00fcltesi\u00b4nden mezun olmu\u015ftur.<\/p>\n<p><!-- \/wp:paragraph --><\/p>\n<p><!-- wp:paragraph --> \u0130stanbul Barosu CMK Uygulama Merkezi, CMK E\u011fitim Belgesi, \u0130stanbul Barosu Kad\u0131n Haklar\u0131 Merkezi, Kad\u0131n Haklar\u0131 ve Aile \u0130\u00e7i \u015eiddet konulu sertifika programlar\u0131na kat\u0131l\u0131m sa\u011flam\u0131\u015ft\u0131r.<\/p>\n<p><!-- \/wp:paragraph --><\/p>\n<p><!-- wp:paragraph -->\u0130stanbul Ayd\u0131n \u00dcniversitesi Hukuk Uyu\u015fmazl\u0131klar\u0131\u2019nda Arabuluculuk E\u011fitim Sertifikas\u0131 alm\u0131\u015f ve Arabuluculuk Sicili\u00b4ne kaydolmu\u015ftur. Medeni Hukuk, Ticaret Hukuku, Bor\u00e7lar Hukuku, \u0130dare ve Vergi Hukuku,\u00a0 S\u00f6zle\u015fmeler, Arabuluculuk alanlar\u0131nda uzmanla\u015fm\u0131\u015f olan Didem Ayd\u0131n; dan\u0131\u015fmanl\u0131k ve arabuluculuk hizmeti de vermektedir.<\/div>\n<p><!-- \/wp:paragraph --><\/p>\n\t<\/div>\r\n<\/div>\t\t\t<\/div>\r\n\t\t<\/div>\r\n\t<\/div>\r\n<\/div><div class=\"de-column uk-position-relative uk-width-1-4@m\" style=\"z-index: 0 !important;\">\r\n\t<div class=\"uk-flex uk-c-flex-stretch uk-width-1-1\">\r\n\t\t<div class=\"uk-position-relative uk-width-1-1 uk-padding-remove\">\r\n\t\t\t\t\t\t<div ><\/div>\r\n\t\t\t\t\t\t<div class=\"uk-flex-1\">\r\n\t\t\t\t\t\t\t<\/div>\r\n\t\t<\/div>\r\n\t<\/div>\r\n<\/div>\t\t<\/div>\r\n\t<\/div>\r\n<\/div><div class=\"uk-margin\">\r\n\t<div class=\"de-row uk-container uk-position-relative\" style=\"z-index: 0 !important;\">\r\n\t\t\t\t\t\t\t\t\t\t<div data-uk-grid=\"\" class=\"uk-grid uk-flex-1 uk-c-position-z-index-0\">\r\n\t\t\t<div class=\"de-column uk-position-relative uk-width-1-1@m\" style=\"z-index: 0 !important;\">\r\n\t<div class=\"uk-flex uk-c-flex-stretch uk-width-1-1\">\r\n\t\t<div class=\"uk-position-relative uk-width-1-1 uk-padding-remove\">\r\n\t\t\t\t\t\t<div ><\/div>\r\n\t\t\t\t\t\t<div class=\"uk-flex-1\">\r\n\t\t\t\t<div style=\"\" class=\"uk-position-relative uk-margin\">\r\n\t\t\t<div class=\"de-textblock-wrapper\">\r\n\t\t<p><!--EndFragment--><\/p>\n\t<\/div>\r\n<\/div>\t\t\t<\/div>\r\n\t\t<\/div>\r\n\t<\/div>\r\n<\/div>\t\t<\/div>\r\n\t<\/div>\r\n<\/div>","protected":false},"excerpt":{"rendered":"Didem Ayd\u0131n, 2000 y\u0131l\u0131nda Dokuz Eyl\u00fcl \u00dcniversitesi Hukuk Fak\u00fcltesi\u00b4nden mezun olmu\u015ftur. \u0130stanbul Barosu CMK Uygulama Merkezi, CMK E\u011fitim Belgesi, \u0130stanbul Barosu Kad\u0131n Haklar\u0131 Merkezi, Kad\u0131n Haklar\u0131 ve Aile \u0130\u00e7i \u015eiddet konulu sertifika programlar\u0131na kat\u0131l\u0131m sa\u011flam\u0131\u015ft\u0131r. \u0130stanbul Ayd\u0131n \u00dcniversitesi Hukuk Uyu\u015fmazl\u0131klar\u0131\u2019nda Arabuluculuk E\u011fitim Sertifikas\u0131 alm\u0131\u015f ve Arabuluculuk Sicili\u00b4ne kaydolmu\u015ftur. Medeni Hukuk, Ticaret Hukuku, Bor\u00e7lar Hukuku, \u0130dare","protected":false},"author":1,"featured_media":0,"parent":0,"menu_order":0,"comment_status":"closed","ping_status":"closed","template":"","meta":[],"yoast_head":"<!-- This site is optimized with the Yoast SEO Premium plugin v16.1 (Yoast SEO v16.4) - https:\/\/yoast.com\/wordpress\/plugins\/seo\/ -->\n<title>Avukat Didem Ayd\u0131n<\/title>\n<meta name=\"description\" content=\"1977 y\u0131l\u0131nda \u0130stanbul\u2019da do\u011fan Didem Ayd\u0131n, 2000 y\u0131l\u0131nda Dokuz Eyl\u00fcl \u00dcniversitesi Hukuk Fak\u00fcltesi\u00b4nden mezun olmu\u015ftur.\" \/>\n<meta name=\"robots\" content=\"index, follow, max-snippet:-1, max-image-preview:large, max-video-preview:-1\" \/>\n<link rel=\"canonical\" href=\"https:\/\/www.kureselhukuk.com\/en\/avukat-didem-aydin\/\" \/>\n<meta property=\"og:locale\" content=\"en_US\" \/>\n<meta property=\"og:type\" content=\"article\" \/>\n<meta property=\"og:title\" content=\"Avukat Didem Ayd\u0131n\" \/>\n<meta property=\"og:description\" content=\"1977 y\u0131l\u0131nda \u0130stanbul\u2019da do\u011fan Didem Ayd\u0131n, 2000 y\u0131l\u0131nda Dokuz Eyl\u00fcl \u00dcniversitesi Hukuk Fak\u00fcltesi\u00b4nden mezun olmu\u015ftur.\" \/>\n<meta property=\"og:url\" content=\"https:\/\/www.kureselhukuk.com\/en\/avukat-didem-aydin\/\" \/>\n<meta property=\"og:site_name\" content=\"K\u00fcresel Hukuk\" \/>\n<meta property=\"article:publisher\" content=\"https:\/\/www.facebook.com\/kureselhukukcom\" \/>\n<meta property=\"article:modified_time\" content=\"2025-08-05T17:01:06+00:00\" \/>\n<meta name=\"twitter:card\" content=\"summary_large_image\" \/>\n<meta name=\"twitter:site\" content=\"@kureselhukuk\" \/>\n<meta name=\"twitter:label1\" content=\"Est. reading time\" \/>\n\t<meta name=\"twitter:data1\" content=\"1 minute\" \/>\n<script type=\"application\/ld+json\" class=\"yoast-schema-graph\">{\"@context\":\"https:\/\/schema.org\",\"@graph\":[{\"@type\":\"Organization\",\"@id\":\"https:\/\/www.kureselhukuk.com\/#organization\",\"name\":\"K\\u00fcresel Hukuk & Dan\\u0131\\u015fmanl\\u0131k\",\"url\":\"https:\/\/www.kureselhukuk.com\/\",\"sameAs\":[\"https:\/\/www.facebook.com\/kureselhukukcom\",\"https:\/\/www.instagram.com\/kureselhukuk\/\",\"https:\/\/www.linkedin.com\/company\/kuresel-hukuk\/\",\"https:\/\/www.youtube.com\/channel\/UCcLrg5tKOtPsBVzIHkg5RFA\",\"https:\/\/twitter.com\/kureselhukuk\"],\"logo\":{\"@type\":\"ImageObject\",\"@id\":\"https:\/\/www.kureselhukuk.com\/#logo\",\"inLanguage\":\"en-US\",\"url\":\"https:\/\/www.kureselhukuk.com\/wp-content\/uploads\/2019\/01\/Untitled-1.png\",\"contentUrl\":\"https:\/\/www.kureselhukuk.com\/wp-content\/uploads\/2019\/01\/Untitled-1.png\",\"width\":594,\"height\":178,\"caption\":\"K\\u00fcresel Hukuk & Dan\\u0131\\u015fmanl\\u0131k\"},\"image\":{\"@id\":\"https:\/\/www.kureselhukuk.com\/#logo\"}},{\"@type\":\"WebSite\",\"@id\":\"https:\/\/www.kureselhukuk.com\/#website\",\"url\":\"https:\/\/www.kureselhukuk.com\/\",\"name\":\"K\\u00fcresel Hukuk\",\"description\":\"&quot;Adalet vaat de\\u011fildir&quot;\",\"publisher\":{\"@id\":\"https:\/\/www.kureselhukuk.com\/#organization\"},\"potentialAction\":[{\"@type\":\"SearchAction\",\"target\":\"https:\/\/www.kureselhukuk.com\/?s={search_term_string}\",\"query-input\":\"required name=search_term_string\"}],\"inLanguage\":\"en-US\"},{\"@type\":\"WebPage\",\"@id\":\"https:\/\/www.kureselhukuk.com\/avukat-didem-aydin\/#webpage\",\"url\":\"https:\/\/www.kureselhukuk.com\/avukat-didem-aydin\/\",\"name\":\"Avukat Didem Ayd\\u0131n\",\"isPartOf\":{\"@id\":\"https:\/\/www.kureselhukuk.com\/#website\"},\"datePublished\":\"2019-02-18T13:06:10+00:00\",\"dateModified\":\"2025-08-05T17:01:06+00:00\",\"description\":\"1977 y\\u0131l\\u0131nda \\u0130stanbul\\u2019da do\\u011fan Didem Ayd\\u0131n, 2000 y\\u0131l\\u0131nda Dokuz Eyl\\u00fcl \\u00dcniversitesi Hukuk Fak\\u00fcltesi\\u00b4nden mezun olmu\\u015ftur.\",\"breadcrumb\":{\"@id\":\"https:\/\/www.kureselhukuk.com\/avukat-didem-aydin\/#breadcrumb\"},\"inLanguage\":\"en-US\",\"potentialAction\":[{\"@type\":\"ReadAction\",\"target\":[\"https:\/\/www.kureselhukuk.com\/avukat-didem-aydin\/\"]}]},{\"@type\":\"BreadcrumbList\",\"@id\":\"https:\/\/www.kureselhukuk.com\/avukat-didem-aydin\/#breadcrumb\",\"itemListElement\":[{\"@type\":\"ListItem\",\"position\":1,\"item\":{\"@type\":\"WebPage\",\"@id\":\"https:\/\/www.kureselhukuk.com\/\",\"url\":\"https:\/\/www.kureselhukuk.com\/\",\"name\":\"Ana sayfa\"}},{\"@type\":\"ListItem\",\"position\":2,\"item\":{\"@id\":\"https:\/\/www.kureselhukuk.com\/avukat-didem-aydin\/#webpage\"}}]}]}<\/script>\n<!-- \/ Yoast SEO Premium plugin. -->","_links":{"self":[{"href":"https:\/\/www.kureselhukuk.com\/en\/wp-json\/wp\/v2\/pages\/1987"}],"collection":[{"href":"https:\/\/www.kureselhukuk.com\/en\/wp-json\/wp\/v2\/pages"}],"about":[{"href":"https:\/\/www.kureselhukuk.com\/en\/wp-json\/wp\/v2\/types\/page"}],"author":[{"embeddable":true,"href":"https:\/\/www.kureselhukuk.com\/en\/wp-json\/wp\/v2\/users\/1"}],"replies":[{"embeddable":true,"href":"https:\/\/www.kureselhukuk.com\/en\/wp-json\/wp\/v2\/comments?post=1987"}],"version-history":[{"count":3,"href":"https:\/\/www.kureselhukuk.com\/en\/wp-json\/wp\/v2\/pages\/1987\/revisions"}],"predecessor-version":[{"id":3957,"href":"https:\/\/www.kureselhukuk.com\/en\/wp-json\/wp\/v2\/pages\/1987\/revisions\/3957"}],"wp:attachment":[{"href":"https:\/\/www.kureselhukuk.com\/en\/wp-json\/wp\/v2\/media?parent=1987"}],"curies":[{"name":"wp","href":"https:\/\/api.w.org\/{rel}","templated":true}]}}

Avukat Didem Günay Aydın

<div class="uk-margin">
	<div class="de-row uk-container uk-position-relative" style="z-index: 0 !important;">
										<div data-uk-grid="" class="uk-grid uk-flex-1 uk-c-position-z-index-0">
			<div class="de-column uk-position-relative uk-width-1-4@m" style="z-index: 0 !important;">
	<div class="uk-flex uk-c-flex-stretch uk-width-1-1">
		<div class="uk-position-relative uk-width-1-1 uk-padding-remove">
						<div ></div>
						<div class="uk-flex-1">
							</div>
		</div>
	</div>
</div><div class="de-column uk-position-relative uk-width-1-4@m" style="z-index: 0 !important;">
	<div class="uk-flex uk-c-flex-stretch uk-width-1-1">
		<div class="uk-position-relative uk-width-1-1 uk-padding-remove">
						<div ></div>
						<div class="uk-flex-1">
				<div data-dahz-shortcode-key="1550491781410-6ac50136-9bc8" style="" class="de-shortcode__wrapper de-shortcode__wrapper--dahz_single_image uk-margin-uk-margin">
	<a class="de-single-image__wrapper uk-flex uk-flex-center">
	<div>
		<img width="300" height="300" src="https://www.kureselhukuk.com/wp-content/uploads/2025/08/didem.png" class="attachment-full" alt="" loading="lazy" srcset="https://www.kureselhukuk.com/wp-content/uploads/2025/08/didem.png 300w, https://www.kureselhukuk.com/wp-content/uploads/2025/08/didem-150x150.png 150w, https://www.kureselhukuk.com/wp-content/uploads/2025/08/didem-12x12.png 12w, https://www.kureselhukuk.com/wp-content/uploads/2025/08/didem-100x100.png 100w" sizes="(max-width: 300px) 100vw, 300px" />	</div>
</a>
</div>
			</div>
		</div>
	</div>
</div><div class="de-column uk-position-relative uk-width-1-4@m" style="z-index: 0 !important;">
	<div class="uk-flex uk-c-flex-stretch uk-width-1-1">
		<div class="uk-position-relative uk-width-1-1 uk-padding-remove">
						<div ></div>
						<div class="uk-flex-1">
				<div style="" class="uk-position-relative uk-margin">
			<div class="de-textblock-wrapper" data-uk-scrollspy="cls:uk-animation-slide-left; delay:1000;">
		<div style="text-align: justify;">
<p>Didem Aydın, 2000 yılında Dokuz Eylül Üniversitesi Hukuk Fakültesi´nden mezun olmuştur.</p>
<p><!-- /wp:paragraph --></p>
<p><!-- wp:paragraph --> İstanbul Barosu CMK Uygulama Merkezi, CMK Eğitim Belgesi, İstanbul Barosu Kadın Hakları Merkezi, Kadın Hakları ve Aile İçi Şiddet konulu sertifika programlarına katılım sağlamıştır.</p>
<p><!-- /wp:paragraph --></p>
<p><!-- wp:paragraph -->İstanbul Aydın Üniversitesi Hukuk Uyuşmazlıkları’nda Arabuluculuk Eğitim Sertifikası almış ve Arabuluculuk Sicili´ne kaydolmuştur. Medeni Hukuk, Ticaret Hukuku, Borçlar Hukuku, İdare ve Vergi Hukuku,  Sözleşmeler, Arabuluculuk alanlarında uzmanlaşmış olan Didem Aydın; danışmanlık ve arabuluculuk hizmeti de vermektedir.</div>
<p><!-- /wp:paragraph --></p>
	</div>
</div>			</div>
		</div>
	</div>
</div><div class="de-column uk-position-relative uk-width-1-4@m" style="z-index: 0 !important;">
	<div class="uk-flex uk-c-flex-stretch uk-width-1-1">
		<div class="uk-position-relative uk-width-1-1 uk-padding-remove">
						<div ></div>
						<div class="uk-flex-1">
							</div>
		</div>
	</div>
</div>		</div>
	</div>
</div><div class="uk-margin">
	<div class="de-row uk-container uk-position-relative" style="z-index: 0 !important;">
										<div data-uk-grid="" class="uk-grid uk-flex-1 uk-c-position-z-index-0">
			<div class="de-column uk-position-relative uk-width-1-1@m" style="z-index: 0 !important;">
	<div class="uk-flex uk-c-flex-stretch uk-width-1-1">
		<div class="uk-position-relative uk-width-1-1 uk-padding-remove">
						<div ></div>
						<div class="uk-flex-1">
				<div style="" class="uk-position-relative uk-margin">
			<div class="de-textblock-wrapper">
		<p><!--EndFragment--></p>
	</div>
</div>			</div>
		</div>
	</div>
</div>		</div>
	</div>
</div>

Didem Aydın, 2000 yılında Dokuz Eylül Üniversitesi Hukuk Fakültesi´nden mezun olmuştur. İstanbul Barosu CMK Uygulama Merkezi, CMK Eğitim Belgesi, İstanbul Barosu Kadın Hakları Merkezi, Kadın Hakları ve Aile İçi Şiddet konulu sertifika programlarına katılım sağlamıştır. İstanbul Aydın Üniversitesi Hukuk Uyuşmazlıkları’nda Arabuluculuk Eğitim Sertifikası almış ve Arabuluculuk Sicili´ne kaydolmuştur. Medeni Hukuk, Ticaret Hukuku, Borçlar Hukuku, İdare

<!-- This site is optimized with the Yoast SEO Premium plugin v16.1 (Yoast SEO v16.4) - https://yoast.com/wordpress/plugins/seo/ -->
<title>Avukat Didem Aydın</title>
<meta name="description" content="1977 yılında İstanbul’da doğan Didem Aydın, 2000 yılında Dokuz Eylül Üniversitesi Hukuk Fakültesi´nden mezun olmuştur." />
<meta name="robots" content="index, follow, max-snippet:-1, max-image-preview:large, max-video-preview:-1" />
<link rel="canonical" href="https://www.kureselhukuk.com/en/avukat-didem-aydin/" />
<meta property="og:locale" content="en_US" />
<meta property="og:type" content="article" />
<meta property="og:title" content="Avukat Didem Aydın" />
<meta property="og:description" content="1977 yılında İstanbul’da doğan Didem Aydın, 2000 yılında Dokuz Eylül Üniversitesi Hukuk Fakültesi´nden mezun olmuştur." />
<meta property="og:url" content="https://www.kureselhukuk.com/en/avukat-didem-aydin/" />
<meta property="og:site_name" content="Küresel Hukuk" />
<meta property="article:publisher" content="https://www.facebook.com/kureselhukukcom" />
<meta property="article:modified_time" content="2025-08-05T17:01:06+00:00" />
<meta name="twitter:card" content="summary_large_image" />
<meta name="twitter:site" content="@kureselhukuk" />
<meta name="twitter:label1" content="Est. reading time" />
	<meta name="twitter:data1" content="1 minute" />
<script type="application/ld+json" class="yoast-schema-graph">{"@context":"https://schema.org","@graph":[{"@type":"Organization","@id":"https://www.kureselhukuk.com/#organization","name":"K\u00fcresel Hukuk & Dan\u0131\u015fmanl\u0131k","url":"https://www.kureselhukuk.com/","sameAs":["https://www.facebook.com/kureselhukukcom","https://www.instagram.com/kureselhukuk/","https://www.linkedin.com/company/kuresel-hukuk/","https://www.youtube.com/channel/UCcLrg5tKOtPsBVzIHkg5RFA","https://twitter.com/kureselhukuk"],"logo":{"@type":"ImageObject","@id":"https://www.kureselhukuk.com/#logo","inLanguage":"en-US","url":"https://www.kureselhukuk.com/wp-content/uploads/2019/01/Untitled-1.png","contentUrl":"https://www.kureselhukuk.com/wp-content/uploads/2019/01/Untitled-1.png","width":594,"height":178,"caption":"K\u00fcresel Hukuk & Dan\u0131\u015fmanl\u0131k"},"image":{"@id":"https://www.kureselhukuk.com/#logo"}},{"@type":"WebSite","@id":"https://www.kureselhukuk.com/#website","url":"https://www.kureselhukuk.com/","name":"K\u00fcresel Hukuk","description":"&quot;Adalet vaat de\u011fildir&quot;","publisher":{"@id":"https://www.kureselhukuk.com/#organization"},"potentialAction":[{"@type":"SearchAction","target":"https://www.kureselhukuk.com/?s={search_term_string}","query-input":"required name=search_term_string"}],"inLanguage":"en-US"},{"@type":"WebPage","@id":"https://www.kureselhukuk.com/avukat-didem-aydin/#webpage","url":"https://www.kureselhukuk.com/avukat-didem-aydin/","name":"Avukat Didem Ayd\u0131n","isPartOf":{"@id":"https://www.kureselhukuk.com/#website"},"datePublished":"2019-02-18T13:06:10+00:00","dateModified":"2025-08-05T17:01:06+00:00","description":"1977 y\u0131l\u0131nda \u0130stanbul\u2019da do\u011fan Didem Ayd\u0131n, 2000 y\u0131l\u0131nda Dokuz Eyl\u00fcl \u00dcniversitesi Hukuk Fak\u00fcltesi\u00b4nden mezun olmu\u015ftur.","breadcrumb":{"@id":"https://www.kureselhukuk.com/avukat-didem-aydin/#breadcrumb"},"inLanguage":"en-US","potentialAction":[{"@type":"ReadAction","target":["https://www.kureselhukuk.com/avukat-didem-aydin/"]}]},{"@type":"BreadcrumbList","@id":"https://www.kureselhukuk.com/avukat-didem-aydin/#breadcrumb","itemListElement":[{"@type":"ListItem","position":1,"item":{"@type":"WebPage","@id":"https://www.kureselhukuk.com/","url":"https://www.kureselhukuk.com/","name":"Ana sayfa"}},{"@type":"ListItem","position":2,"item":{"@id":"https://www.kureselhukuk.com/avukat-didem-aydin/#webpage"}}]}]}</script>
<!-- / Yoast SEO Premium plugin. -->
